) = 5*p(h) - 4*z(h). Determine o(-5).
14
Let q be (1 - 0)/(8/32). Let a(d) = d**3 + 3*d**2 + 3*d + 2. Let h(z) = -2*z**3 - 6*z**2 - 6*z - 3. Let k(v) = q*h(v) + 7*a(v). Give k(-3).
11
Suppose 2*k - 20 = 2*d + d, 0 = 3*k - 3*d - 24. Let s(r) = 15*r - 1 + k - 5*r - 13*r. Determine s(3).
-6
Let h(m) = 7*m - 2*m + m - 6*m**3 - 12*m**3 + 19*m**3 + 4*m**2. Give h(-4).
-24
Let s be 13 + 1 + -1 + -5. Let p(f) = 2*f - 10. Determine p(s).
6
Let d(q) = -q**2 + 4*q + 12. Let i(f) = 44*f - 82. Let g be i(2). Determine d(g).
0
Let n(h) = h**3 - 2*h**2 + h + 2. Let k be n(3). Let f = 15 - k. Let q(c) = -12*c**3 + c**2 - c + 1. Calculate q(f).
-11
Let i(f) = 2*f + 7. Let t be (-111 - (1 - -3))*(-3)/5. Let a = 75 - t. What is i(a)?
19
Let c(y) = 3*y + 2. Let m be (-8 - -3) + (12 - 9 - -1). Give c(m).
-1
Let t = -2585 + 2585. Let n(g) be the second derivative of g**6/360 + g**5/120 - g**4/12 + g**3/3 - g. Let l(x) be the second derivative of n(x). Give l(t).
-2
Suppose -8 = -3*c - 5. Let w(i) = -i. Let g(y) = 6*y**2. Let z(b) = c*g(b) - w(b). Determine z(1).
7
Let h(l) = l**2 - 6*l + 5. Let d = -36 + 18. Let i be ((-12)/(-9) + -2)/(2/d). Calculate h(i).
5
Let s(x) = x**2 + 6*x - 3. Let p be (-1 + 13)*2/(-6). Give s(p).
-11
Let m(t) = 2*t**2 - 5*t - t**2 - 2*t + 7. Let r(p) = -p**3 - 6*p**2 - 6*p + 13. Let q(d) = 2*d**2 + 16*d - 4. Let l be q(-8). Let i be r(l). Give m(i).
-3
Let p(m) = m**3 - 3*m**2 - 2. Suppose 3 = -3*a + 2*w, 2*a + w = 6*a - 1. Let q = a - 8. Let h = -4 - q. Determine p(h).
-2
Let t(s) be the second derivative of -s**6/360 + s**5/120 - s**4/24 - s**3/6 - 10*s. Let y(n) be the second derivative of t(n). What is y(1)?
-1
Let t(k) = k + 3 - 4 + 2 + 3*k - 6. Calculate t(6).
19
Let o(w) = 0*w - 12*w**2 + 2 - 4*w + 11*w**2. Let r(u) = -2*u**2 - 9*u + 4. Let n be ((-4)/(-5))/((-2)/(-5)). Let f(h) = n*r(h) - 5*o(h). Determine f(-2).
-2
Let h(w) = -w**3 + 2*w**2 - 2*w + 1. Let a(d) = -2*d**3 + 23*d**2 - 26*d - 32. Let x(p) = a(p) - 3*h(p). What is x(-18)?
1
Let w(x) = -x**2 - 41*x + 272. Let n be w(-47). Let v(r) = -r**2 - 8*r + 9. Determine v(n).
-11
Let v(i) = 3*i**3 + 10*i**2 + 10*i - 11. Let x(s) = -s**3 - 3*s**2 - 3*s + 4. Let c(u) = 6*v(u) + 17*x(u). Calculate c(-8).
-6
Let p(v) = 17*v**3 - 14*v**2 - 6*v + 5. Let z(t) = 14*t**3 - 13*t**2 - 6*t + 5. Let s(c) = -5*p(c) + 6*z(c). Calculate s(-6).
-31
Let r(v) = -v - 1. Let p(k) = k**2 - k. Let s be p(0). Let f be r(s). Let g(u) = -3 + 7*u + u + 3*u + 4 - 8*u. What is g(f)?
-2
Suppose 3*n = 2*n + 2. Let f be 235/(-35) - n/7. Let q(c) = -3*c**2 + 23*c + 20. Let o(p) = 4*p**2 - 34*p - 30. Let y(z) = -5*o(z) - 7*q(z). What is y(f)?
-4
Let y be (-10)/(-6)*(-24)/(-10). Let a(c) = -c**3 + 6*c**2 - 9*c + 10. Give a(y).
6
Suppose -5*d = -4*x - 24, -4*d + 0*x = -3*x - 19. Suppose -k = 2 - 1, -44 = 5*w + d*k. Let r(y) = -y**3 - 9*y**2 - 8*y - 3. Give r(w).
-3
Let l(q) = q**3 - 9*q**2 + 7*q + 2. Suppose 4*f = z - 8, f = 3*z - 3*f - 24. Give l(z).
-6
Let v(k) = -3 + 3*k**2 - 15*k - 10*k**2 + 21*k**2 + k**3 + 4. Give v(-15).
1
Let o(l) = -l**3 - 4*l**2 + 8*l + 4. Let z = -191 + 186. Calculate o(z).
-11
Let j(x) = x**2 + 3*x - 5. Suppose 0 = 4*z - z. Suppose z = -0*r + r + 3*i + 1, r + 2 = -2*i. Let d be j(r). Let m(h) = 2*h**2. Determine m(d).
2
Let f(u) be the third derivative of u**8/840 + u**7/1260 + u**6/720 + 3*u**4/8 + 31*u**2. Let c(r) be the second derivative of f(r). Calculate c(-1).
-7
Let i(q) = 3*q**2 - 4*q + 9. Let b be i(3). Suppose -x = -7*x + b. Let j(y) = -y**3 + 5*y**2 - 2*y - 2. Give j(x).
6
Suppose -2*b = 7 + 5. Let c(l) = -l**2 - 4*l + 1. Let z(t) = t**2 + 3*t - 2. Let m(h) = 4*c(h) + 3*z(h). Give m(b).
4
Let j(m) be the third derivative of -m**4/24 + 3*m**3 - 6*m**2 + 6*m. Calculate j(10).
8
Let u(t) = 3*t**3 + 4*t**2 - 4*t - 3. Let g(f) = f**3 + f**2. Let m(c) = 2*g(c) - u(c). Calculate m(-3).
0
Let i(y) be the third derivative of y**6/120 + y**5/15 - y**4/3 - 2*y**3 - 72*y**2. Give i(-5).
3
Suppose 0 = 5*g + 2*k + 67, 8*g - 3*g + 4*k + 59 = 0. Let b(w) = -w**2 - 13*w - 19. Give b(g).
-49
Let g(c) = 8*c**2 + 7*c + 5*c**3 - 4*c**3 + 0*c**3 - 1. Let w be -2*(0 - -2)*-1*1. Suppose 0 = -w*o + 3*o - 7. What is g(o)?
-1
Let q = -298 - -297. Let p(t) = 5*t**2 - 3*t - 2. Give p(q).
6
Let p be ((-7)/7 + 0)*4. Let n(h) be the first derivative of h**4/8 + 5*h**3/6 + h**2/2 - 2. Let s(z) be the second derivative of n(z). Determine s(p).
-7
Let i be 9/(30/26 - 8/52). Let s(q) = q**2 - 6*q + 1. What is s(i)?
28
Let d(j) be the second derivative of j**3/3 + 7*j**2/2 + 14*j - 1. What is d(-2)?
3
Let l(a) = a**3 + 2*a**2 - 4*a + 3. Let c be 2/(-2) + -1 + 2. Let q(v) be the second derivative of -v**4/12 + v**2 + 15*v. Let d be q(c). What is l(d)?
11
Let o(b) = 2*b**2 - 9*b. Let p(j) = 3*j**2 - 39*j + 6. Let h be p(13). Give o(h).
18
Let r(u) be the first derivative of u**4/4 - 5*u**3/3 - u + 62. What is r(5)?
-1
Let k = 29 + -21. Let s(b) = -2*b**2 + 15*b - 3. Give s(k).
-11
Let f(a) = a**3 + 5*a**2 + 3*a + 2. Let g be (-1920)/75*(-10)/4. Let d = g + -69. What is f(d)?
-13
Let w(c) = 0 + c + 1 - 2 + 3. What is w(-10)?
-8
Let p(w) be the second derivative of -w**4/12 - 4*w**3/3 - 7*w**2/2 - 8*w. Suppose -2*a - 14 - 2 = 0. Let d be p(a). Let h(m) = m + 8. Determine h(d).
1
Let j = -46 - -52. Let m(g) = -4*g - 4 - j + 8. Calculate m(2).
-10
Let n(a) = a**2 + 3*a - 4. Let t be n(-5). Let i = -25 - -29. Let j = i - t. Let p(b) = -b**3 - b**2 + b + 1. Give p(j).
3
Suppose -2*y + 5 = 1. Let t(j) = 15*j**2 + j - 6. Let q(d) = -5*d**2 + 2. Let k(c) = -7*q(c) - 2*t(c). What is k(y)?
14
Let m(i) = -5*i - 11. Let r be (168/(-15) + 10)*5. Determine m(r).
19
Let w(v) = 4*v + v - 2*v + 5 - 5*v. Let n(f) be the third derivative of -f**4/8 + 3*f**3/2 - 8*f**2. Let k(b) = 3*n(b) - 5*w(b). Calculate k(-1).
1
Let m be (-49)/14*1*2. Let z(c) = -c**3 - 7*c**2 + 3*c + 15. Let a be z(m). Let r(o) = o**3 + 6*o**2 - 2. What is r(a)?
-2
Let u(l) = 4*l**2 + 3*l - 13. Let j(z) = -7*z**2 - 3*z + 27. Let n(k) = 3*j(k) + 5*u(k). Calculate n(11).
-39
Let a be ((-8)/10)/((-2)/5). Let j(q) = -2*q + 1. Let m(w) = 15*w + 70. Let t be m(-5). Let s(u) = -3*u + 1. Let v(g) = t*s(g) + 6*j(g). Determine v(a).
7
Suppose 0 = 2*u + 3*u - 20. Let j(z) be the first derivative of -z**4/4 + z**3 + 7*z**2/2 - 6*z + 1058. Calculate j(u).
6
Let l be 130/(-104)*72/(-15). Let a(n) = -2*n**2 + 6*n + 7. What is a(l)?
-29
Suppose -3*q = 2*u + 2*q - 20, 5*u - q + 4 = 0. Let n(m) = -21*m - 417. Let h be n(-20). Suppose u = -h*o + 3 - 0. Let s(r) = -r**2. Give s(o).
-1
Let m(u) = -163 + 320 - 160 - 9*u - 3*u. Give m(3).
-39
Let r(w) = w - 2. Let y(q) = -3*q + 5. Let d(l) = -8*r(l) - 3*y(l). Determine d(0).
1
Let w(v) = 4*v - 41. Let l(s) = -6*s + 62. Let r(d) = 5*l(d) + 8*w(d). Let m be r(8). Let j(z) = -3*z + 1. Calculate j(m).
7
Suppose 0 = 5*a - k - 0*k, -3*k = a + 16. Let w(j) = 7*j**2 - 2*j + 5. Let x(m) = -m**2 + m - 1. Let c(z) = -w(z) - 4*x(z). Determine c(a).
-2
Let g(c) = 20*c**2 + c**3 - 37*c**2 - 3 + 22*c**2 - 8*c. What is g(-6)?
9
Suppose -130 = 133*r - 146*r. Let p(t) = -t**2 + 10*t + 14. Determine p(r).
14
Let d = -44 - -72. Suppose d + 4 = -8*g. Let p(h) = h**2 + 4*h - 5. Determine p(g).
-5
Suppose -38*q = -40*q + 8. Let m(g) = -2*g - 5. Calculate m(q).
-13
Suppose 3*k + 5 = 11. Let q(l) = 0*l**2 + 7*l + 0*l**2 + 3 + k*l**2 - 3*l**2. Give q(7).
3
Suppose 2*a - 7*a = -10. Suppose -a = -q - h, 4*q - 50 = -q + 5*h. Let u(x) = -784*x**2 - 788*x**2 - 7*x + 7 + 1573*x**2. Calculate u(q).
1
Let h(i) = 20 + 0*i - 10*i + 8*i. Let v be h(9). Let z(u) = 4*u**v + 0*u**2 + u**2 + 3*u + 2*u**3 + 7 - u**3. Determine z(-5).
-8
Let c(q) = q**3 + 7*q**2 - 10*q - 12. Suppose -17*j + 20*j = 12, -5*j + 44 = -3*z. Calculate c(z).
4
Let j(w) = 6*w**3 + 1. Let n be ((-4)/(-20))/((-1)/(-5)). Let p be (n/(-2)*4)/2. What is j(p)?
-5
Let c(v) be the second derivative of -v**3/3 - 2*v**2 + v - 13. Give c(-3).
2
Let u(a) = -a - 2. Let p = 15 + -12. Suppose -4*s = 16, -p*n = -2*s - 66 - 5. Suppose 4*w + n = -3. Give u(w).
4
Let j(v) = -v**2 - 7*v + 5. Let f = 124 - 114. Let s be ((-8)/f)/((-29)/(-290)). Calculate j(s).
-3
Let r(j) = -3*j. Let z(g) = g**2 + 24*g + 30. Let x be z(-23). Let p be (-9)/(-2) + 3/(-6). Suppose -x - 5 = -p*q. Calculate r(q).
-9
Let h(c) = -c**3 + 6*c